e 16, what is -27 - 2d?
-54
In base 14, what is 190 - 3?
18b
In base 13, what is -125 + -11?
-136
In base 13, what is -160 + -4?
-164
In base 11, what is -2a + 10?
-1a
In base 2, what is 10111 + 100001?
111000
In base 2, what is 100011 - 10001?
10010
In base 7, what is -4513 + 2?
-4511
In base 15, what is 1 - -17?
18
In base 8, what is 34507 - -4?
34513
In base 15, what is 1 + -444?
-443
In base 5, what is 10 - 321?
-311
In base 15, what is -5 - 14?
-19
In base 8, what is -2645 - -5?
-2640
In base 13, what is -3 - 613?
-616
In base 5, what is 212 - -42?
304
In base 7, what is 25 - 206?
-151
In base 4, what is 3 - -21?
30
In base 6, what is -10 + -11?
-21
In base 11, what is -10 - 18?
-28
In base 9, what is -46 + 37?
-8
In base 14, what is -1a - -35?
19
In base 4, what is 20 + -10303?
-10223
In base 16, what is 6 + -53?
-4d
In base 12, what is -55 + -5?
-5a
In base 3, what is -1111002 - 12?
-1111021
In base 11, what is 44 - -2?
46
In base 3, what is 12012022 - -10?
12012102
In base 6, what is -423 - 10?
-433
In base 16, what is -2 + 3d?
3b
In base 9, what is 4520 - 4?
4515
In base 12, what is -2 + 3479?
3477
In base 9, what is 13 - -58?
72
In base 6, what is 3315 - 2?
3313
In base 6, what is -5 - 3452?
-3501
In base 11, what is 77 - 0?
77
In base 8, what is 4 + 76?
102
In base 9, what is 54 - -75?
140
In base 11, what is -80 - -10?
-70
In base 15, what is -3 + -194?
-197
In base 5, what is 10 - 12?
-2
In base 11, what is 4 - aa0?
-a97
In base 13, what is 1 + 21?
22
In base 10, what is 83 - -10?
93
In base 9, what is -2 - -11326?
11324
In base 14, what is -2 + 397?
395
In base 6, what is 250 + -1135?
-445
In base 5, what is -24 - 142?
-221
In base 3, what is 1 - -2002?
2010
In base 4, what is -11 + -12322?
-12333
In base 3, what is 1200 + 11?
1211
In base 9, what is 6 + -521?
-514
In base 13, what is -39 - 44?
-80
In base 5, what is 11112 - 3?
11104
In base 15, what is 6 - 69?
-63
In base 15, what is -3 + -19?
-1c
In base 12, what is 3 + -282a?
-2827
In base 10, what is 15 - 186?
-171
In base 10, what is -9663 - -4?
-9659
In base 8, what is -20024 - -5?
-20017
In base 13, what is -402 - 21?
-423
In base 15, what is dc5 - -1?
dc6
In base 6, what is -13424 - 0?
-13424
In base 6, what is -2 + 235?
233
In base 14, what is -2 + -2bb?
-2bd
In base 6, what is 5 + -354?
-345
In base 10, what is 136 - 3?
133
In base 13, what is 1a - 4?
16
In base 6, what is -31 + 2?
-25
In base 9, what is 460 - 4?
455
In base 15, what is 4 + -13?
-e
In base 12, what is 308 - -2?
30a
In base 12, what is 435 - -3?
438
In base 15, what is -5 + 70?
6a
In base 6, what is 141 + 305?
450
In base 7, what is -4042 + -3?
-4045
In base 11, what is 1a + 0?
1a
In base 6, what is -515 + 3?
-512
In base 13, what is 7 + -3a0?
-396
In base 14, what is -1ac3 - 5?
-1ac8
In base 16, what is -4 - 421?
-425
In base 16, what is -239a - 0?
-239a
In base 13, what is 0 - 154?
-154
In base 16, what is 5 - -b?
10
In base 4, what is 1231 - 10?
1221
In base 2, what is 110110111 + 1?
110111000
In base 15, what is -2cdd - -1?
-2cdc
In base 4, what is 1330 + 11?
2001
In base 4, what is -10 + -113101?
-113111
In base 7, what is 321 - 5?
313
In base 4, what is 323221 - -1?
323222
In base 4, what is -103001 + 3?
-102332
In base 11, what is -4 - -340?
337
In base 10, what is -182 - 4?
-186
In base 3, what is -21 + 212220?
212122
In base 16, what is -5 + -5d?
-62
In base 9, what is -215 - -2?
-213
In base 14, what is 1b - 17?
4
In base 14, what is -71 - -2?
-6d
In base 12, what is -3 + -4?
-7
In base 12, what is -1 - a7a?
-a7b
In base 5, what is -10 - 4321?
-4331
In base 12, what is 54 - 33?
21
In base 8, what is 2023 - 4?
2017
In base 8, what is -3 + 53?
50
In base 9, what is -4 + -27?
-32
In base 16, what is -8e - -5?
-89
In base 8, what is 1141 - 3?
1136
In base 8, what is 44 - -1012?
1056
In base 11, what is 4 - 944?
-940
In base 3, what is 120 + -112200?
-112010
In base 3, what is -10 + -10212?
-10222
In base 8, what is 1015 + 5?
1022
In base 12, what is -2 - 246?
-248
In base 7, what is -546 + 15?
-531
In base 15, what is 0 - 62e?
-62e
In base 12, what is -5 - a1?
-a6
In base 6, what is -2 + 2312?
2310
In base 10, what is 11877 - 4?
11873
In base 5, what is 10 - 12232?
-12222
In base 12, what is 63 + -5?
5a
In base 7, what is -4 - 565?
-602
In base 7, what is -146 + 5?
-141
In base 2, what is 11 + 1011101?
1100000
In base 7, what is -4104 + 5?
-4066
In base 13, what is 1 + -148?
-147
In base 12, what is 105 + -8?
b9
In base 5, what is -134 + 32?
-102
In base 15, what is b + -47?
-3b
In base 5, what is 10 - -23021?
23031
In base 4, what is -200 + 220?
20
In base 15, what is -46 + -3?
-49
In base 5, what is 41322 + -3?
41314
In base 10, what is -3 - 356?
-359
In base 8, what is 11 - 7?
2
In base 4, what is -122321 + 21?
-122300
In base 12, what is -685 + -10?
-695
In base 8, what is 1103 - -4?
1107
In base 5, what is -2 + -30134?
-30141
In base 11, what is -736 - -2?
-734
In base 16, what is 2e8f + 5?
2e94
In base 11, what is -550 + -2?
-552
In base 12, what is 27 - 0?
27
In base 14, what is -2a + d4?
a8
In base 11, what is 4 + 526?
52a
In base 2, what is 100 - -10110110001?
10110110101
In base 5, what is 10 + -1342?
-1332
In base 10, what is 1588 + 0?
1588
In base 7, what is 10 + 66?
106
In base 4, what is 1313 - 1?
1312
In base 12, what is -329 + 2?
-327
In base 14, what is 5 + -2c?
-27
In base 10, what is -5 + -807?
-812
In base 6, what is -14 - -2?
-12
In base 9, what is 15 + -763?
-747
In base 11, what is 2 + 358?
35a
In base 15, what is -41 - -16b?
12a
In base 16, what is -4 - -8?
4
In base 12, what is -8 + 5?
-3
In base 2, what is -10 - -111011?
111001
In base 13, what is -1 + -7b?
-7c
In base 16, what is 35c + 12?
36e
In base 4, what is 1031 - -203?
1300
In base 4, what is 1030 - -1031?
2121
In base 10, what is -17 - -159?
142
In base 7, what is 1 - -433?
434
In base 16, what is a8 + 3?
ab
In base 10, what is 552 + -1?
551
In base 13, what is 29 - 5?
24
In base 4, what is 21 + 303?
330
In base 5, what is -12 + 2?
-10
In base 9, what is 3 + -1221?
-1217
In base 9, what is -1888 - -5?
-1883
In base 2, what is -1111 + -1111?
-11110
In base 10, what is -180 + -1?
-181
In base 15, what is 1c + -107?
-da
In base 16, what is 2 - 39f?
-39d
In base 5, what is 0 - -40?
40
In base 3, what is -111 - 20122?
-21010
In base 5, what is 0 - 1122?
-1122
In base 6, what is 0 + 1022?
1022
In base 16, what is -5 + 15a?
155
In base 8, what is 10 + 664?
674
In base 6, what is 230 + 0?
230
In base 7, what is -10354 + -6?
-10363
In base 3, what is -2200 - -110?
-2020
In base 11, what is 23 + -4?
1a
In base 4, what is 10 - -112?
122
In base 15, what is -28 - 92?
-ba
In base 9, what is 157 - 16?
141
In base 13, what is 3 + -326?
-323
In base 5, what is 1 - -2033?
2034
In base 5, what is 3041 - 10?
3031
In base 4, what is 0 + -3211?
-3211
In base 10, what is 2 - -59?
61
In base 16, what is 66 + -c9?
-63
In base 8, what is -5306 - 1?
-5307
In base 4, what is -1 + -210?
-211
In base 15, what is -12 + 2a?
18
In base 9, what is 3082 + -3?
3078
In base 6, what is -103022 + -4?
-103030
In base 16, what is -4 + -17?
-1b
In base 9, what is -12 + -30?
-42
In base 5, what is -22 + 13141?
13114
In base 16, what is -3 - -10a?
107
In base 13, what is -a9a - 0?
-a9a
In base 3, what is -2 - -11?
2
In base 15, what is 40 + -27?
18
In base 6, what is -2 - 450?
-452
In base 16, what is c - -8?
14
In base 7, what is 210 + -2?
205
In base 4, what is 102 + -301?
-133
In base 11, what is 56a + -5?
565
In base 16, what is 2 + 7c?
7e
In base 16, what is fc - -42?
13e
In base 11, what is -2a5 - -5?
-2a0
In base 9, what is 17 - 25?
-7
In base 11, what is -9 - 3?
-11
In base 13, what is -3 + 16a?
167
In base 15, what is c9 - 8?
c1
In base 4, what is -233313 - 11?
-233330
In base 14, what is a4 + 2?
a6
In base 11, what is -2 + -108?
-10a
In base 2, what is 1101 - 10001001001?
-10000111100
In base 12, what is 2 - 41b?
-419
In base 14, what is 2 + -bd7?
-bd5
In base 2, what is 101 - 101000?
-100011
In base 13, what is 170 + 0?
170
In base 15, what is 4 - -46?
4a
In base 13, what is 1 - 66c?
-66b
In base 2, what is -101 + 11101000?
11100011
In base 4, what is 22230212 + 11?
22230223
In base 8, what is 21 + 377?
420
In base 10, what is -50 - 5?
-55
I